{"id":2639,"date":"2014-01-27T03:12:34","date_gmt":"2014-01-27T03:12:34","guid":{"rendered":"https:\/\/velacenter.com\/web\/?page_id=2639"},"modified":"2020-10-06T13:58:46","modified_gmt":"2020-10-06T13:58:46","slug":"manchas","status":"publish","type":"page","link":"https:\/\/velacenter.com\/web\/manchas\/","title":{"rendered":"Manchas"},"content":{"rendered":"<div class=\"wpb_row vc_row-fluid \"> \n\t<div class=\"vc_span12 wpb_column column_container\">\n\t\t<div class=\"wpb_wrapper\">\n\t\t\t <div class=\"clearfix tabs page_margin_top_section\" data-interval=\"0\">\n\t\t\t<ul class=\"tabs_navigation clearfix\"><li><a href=\"#noinvasivos\">TRATAMIENTOS NO INVASIVOS<\/a><\/li><\/ul>\n\n\t\t\t \n\t\t\t<div id=\"noinvasivos\" class=\"wpb_tab\">\n\t\t\t\t <div class=\"clearfix tabs page_margin_top\" data-interval=\"0\">\n\t\t\t<ul class=\"tabs_navigation clearfix\"><li><a href=\"#noinvasivo1\">LUZ PULSADA<\/a><\/li><li><a href=\"#noinvasivo2\">PEELING MEC\u00c1NICO<\/a><\/li><li><a href=\"#noinvasivo3\">PEELING QU\u00cdMICO<\/a><\/li><\/ul>\n\n\t\t\t \n\t\t\t<div id=\"noinvasivo1\">\n\t\t\t\t <div class=\"wpb_row vc_row-fluid \"> \n\t<div class=\"vc_span12\">\n\t\t<div class=\"wpb_wrapper\">\n\t\t\t \n\t<div class=\"wpb_text_column wpb_content_element \">\n\t\t<div class=\"wpb_wrapper\">\n\t\t\t\n<p><img loading=\"lazy\" decoding=\"async\" class=\"alignright size-full wp-image-2774\" src=\"https:\/\/velacenter.com\/web\/wp-content\/uploads\/2014\/01\/manchas.jpg\" alt=\"manchas\" width=\"370\" height=\"270\" srcset=\"https:\/\/velacenter.com\/web\/wp-content\/uploads\/2014\/01\/manchas.jpg 370w, https:\/\/velacenter.com\/web\/wp-content\/uploads\/2014\/01\/manchas-300x218.jpg 300w\" sizes=\"auto, (max-width: 370px) 100vw, 370px\" \/>Es posible que, con el paso de los a\u00f1os, tu piel pueda tener alguna manchita o imperfecci\u00f3n que quieras eliminar. Uno te los mejores sistemas para eliminar esas peque\u00f1as manchitas se trata de la luz pulsada.<\/p>\n<p>La luz pulsada es una fuente lum\u00ednica de alta intensidad que abarca un rango m\u00e1s o menos estrecho de colores cada uno de los cuales con un efecto diferente en la piel. La luz act\u00faa como un bistur\u00ed inteligente y barre todas las estructuras indeseables o lesiones oscuras de la piel.<br \/>\nLa luz pulsada le quita el pigmento a las manchas as\u00ed estas se vuelven invisibles, esto no es para nada doloroso pero en algunos casos se aplica una crema para evitar molestias, la sensaci\u00f3n de este tratamiento es como un cosquilleo de un mont\u00f3n de hormigas.<\/p>\n\n\t\t<\/div> \n\t<\/div>  \n\t\t<\/div> \n\t<\/div> \n <\/div> \n\t\t\t<\/div>  \n\t\t\t<div id=\"noinvasivo2\">\n\t\t\t\t <div class=\"wpb_row vc_row-fluid \"> \n\t<div class=\"vc_span12\">\n\t\t<div class=\"wpb_wrapper\">\n\t\t\t \n\t<div class=\"wpb_text_column wpb_content_element \">\n\t\t<div class=\"wpb_wrapper\">\n\t\t\t\n<p><img loading=\"lazy\" decoding=\"async\" class=\"alignright size-full wp-image-2775\" src=\"https:\/\/velacenter.com\/web\/wp-content\/uploads\/2014\/01\/peeling_mecanico_manchas.jpg\" alt=\"peeling_mecanico_manchas\" width=\"350\" height=\"200\" srcset=\"https:\/\/velacenter.com\/web\/wp-content\/uploads\/2014\/01\/peeling_mecanico_manchas.jpg 350w, https:\/\/velacenter.com\/web\/wp-content\/uploads\/2014\/01\/peeling_mecanico_manchas-300x171.jpg 300w\" sizes=\"auto, (max-width: 350px) 100vw, 350px\" \/>El peeling mec\u00e1nico o microdermoabrasi\u00f3n con punta de diamante consiste en una exfoliaci\u00f3n de la piel mediante unos microcristales proyectados en el rostro que provocan microlesiones exfoliando las c\u00e9lulas muertas de diferentes capas de la piel.<br \/>\nEsto favorece la regeneraci\u00f3n celular incrementando la producci\u00f3n de col\u00e1geno, suaviza irregularidades, rejuvenece y repara la piel dejando un rostro m\u00e1s joven suave y limpio.<\/p>\n<p>Es ideal para tratar manchas producidas por el sol, la edad, cicatrices, etc. y puede realizarse tanto en hombres como en mujeres.<br \/>\nEl paciente podr\u00e1 regresar autom\u00e1ticamente a sus tareas cotidianas, cuid\u00e1ndose de no tomar sol y de colocarse protector solar diariamente por el tiempo que indique el profesional m\u00e9dico.<\/p>\n\n\t\t<\/div> \n\t<\/div>  \n\t\t<\/div> \n\t<\/div> \n <\/div> \n\t\t\t<\/div>  \n\t\t\t<div id=\"noinvasivo3\">\n\t\t\t\t <div class=\"wpb_row vc_row-fluid \"> \n\t<div class=\"vc_span12\">\n\t\t<div class=\"wpb_wrapper\">\n\t\t\t \n\t<div class=\"wpb_text_column wpb_content_element \">\n\t\t<div class=\"wpb_wrapper\">\n\t\t\t\n<p><img loading=\"lazy\" decoding=\"async\" class=\"alignright size-full wp-image-2776\" src=\"https:\/\/velacenter.com\/web\/wp-content\/uploads\/2014\/01\/peeling-quimico.jpg\" alt=\"peeling-quimico\" width=\"300\" height=\"293\" \/>El peeling qu\u00edmico funciona aplicando varias sustancias de diferente composici\u00f3n qu\u00edmica sobre la piel para eliminar manchas cut\u00e1neas y arrugas que se hayan formado sobre la piel, aunque tambi\u00e9n se utiliza en ocasiones para mejorar el aspecto de cicatrices o marcas de acn\u00e9. Las sustancias utilizadas pueden variar, tales como \u00e1cido salic\u00edlico, glic\u00f3lico tricloroac\u00e9tico, fenol, fenol taponado o diferentes combinaciones de \u00e9stas.<br \/>\nLa mayor de las ventajas es que la gente suele quedar muy contenta de c\u00f3mo ha quedado la piel de su cara, y todo sin necesidad de operaciones est\u00e9ticas.<\/p>\n<p>Otra de sus ventajas es el precio, en comparaci\u00f3n con otros tratamientos para tratar manchas.<br \/>\nLa principal desventaja del peeling qu\u00edmico es la recuperaci\u00f3n. Depende el grado del peeling que te hayas realizado puedes llegar a tener que pasar unos 15 d\u00edas hasta que empieces a ver los resultados del peeling. Pasar\u00e1s unos d\u00edas en los que ver\u00e1s que la piel de tu cara se pone muy roja y, una vez desaparecido este enrojecimiento, la piel empezar\u00e1 a escamarse y se caer\u00e1. Este es el efecto que se busca en el peeling qu\u00edmico, que la piel se regenere de nuevo desde dentro, por lo que no deber\u00edas preocuparte demasiado, pero es normal que tengas picores y ligeras molestias que desaparecer\u00e1n al poco tiempo.<\/p>\n\n\t\t<\/div> \n\t<\/div>  \n\t\t<\/div> \n\t<\/div> \n <\/div> \n\t\t\t<\/div>  \n\t\t<\/div> \n\t\t\t<\/div>  \n\t\t<\/div> \n\t\t<\/div> \n\t<\/div> \n <\/div> <div class=\"wpb_row vc_row-fluid  page_margin_top\"> \n\t<div class=\"vc_span12 wpb_column column_container\">\n\t\t<div class=\"wpb_wrapper\">\n\t\t\t <div class=\"announcement clearfix\">\n\t\t\t\t\t<ul class=\"columns no_width\">\n\t\t\t\t\t\t<li class=\"column_left\"><h1>Consultanos hoy sobre estos tratamientos!<\/h3>\n<p>Comunicate a los Tel: +54 341 15564-1577 \/ 15319-2126 o por e-mail a\u00a0<a href=\"mailto:info@velacenter.com\">info@velacenter.com<\/a><\/p>\n\n<\/li><li class=\"column_right\">\n\t\t\t\t\t\t<div class=\"vertical_align\">\n\t\t\t\t\t\t\t<div class=\"vertical_align_cell\">\n\t\t\t\t\t\t\t\t<a style=\"background-color:#3156a3;border-color:#3156a3;color:#FFFFFF;\" onMouseOver=\"this.style.backgroundColor='#42b3e5';this.style.borderColor='#42b3e5';this.style.color='#FFFFFF';\" onMouseOut=\"this.style.backgroundColor='#3156a3';this.style.borderColor='#3156a3';this.style.color='#FFFFFF';\" title=\"DEJANOS TU CONSULTA!\" href=\"https:\/\/velacenter.com\/web\/contacto\/\" class=\"more mc_button medium\">DEJANOS TU CONSULTA!<\/a>\n\t\t\t\t\t\t\t<\/div>\n\t\t\t\t\t\t<\/div>\n\t\t\t\t\t<\/li><\/ul>\n\t\t\t<\/div> \n\t\t<\/div> \n\t<\/div> \n <\/div>\n","protected":false},"excerpt":{"rendered":"TRATAMIENTOS NO INVASIVOS LUZ PULSADAPEELING MEC\u00c1NICOPEELING QU\u00cdMICO Es posible que, con el paso de los a\u00f1os, tu piel pueda tener alguna manchita o imperfecci\u00f3n que quieras eliminar. Uno te los mejores sistemas para eliminar esas peque\u00f1as manchitas se trata de la luz pulsada. La luz pulsada es una fuente lum\u00ednica de alta intensidad que abarca","protected":false},"author":3,"featured_media":0,"parent":0,"menu_order":0,"comment_status":"open","ping_status":"open","template":"","meta":{"footnotes":""},"class_list":["post-2639","page","type-page","status-publish","hentry"],"_links":{"self":[{"href":"https:\/\/velacenter.com\/web\/wp-json\/wp\/v2\/pages\/2639","targetHints":{"allow":["GET"]}}],"collection":[{"href":"https:\/\/velacenter.com\/web\/wp-json\/wp\/v2\/pages"}],"about":[{"href":"https:\/\/velacenter.com\/web\/wp-json\/wp\/v2\/types\/page"}],"author":[{"embeddable":true,"href":"https:\/\/velacenter.com\/web\/wp-json\/wp\/v2\/users\/3"}],"replies":[{"embeddable":true,"href":"https:\/\/velacenter.com\/web\/wp-json\/wp\/v2\/comments?post=2639"}],"version-history":[{"count":0,"href":"https:\/\/velacenter.com\/web\/wp-json\/wp\/v2\/pages\/2639\/revisions"}],"wp:attachment":[{"href":"https:\/\/velacenter.com\/web\/wp-json\/wp\/v2\/media?parent=2639"}],"curies":[{"name":"wp","href":"https:\/\/api.w.org\/{rel}","templated":true}]}}